{"id":11,"date":"2025-06-29T11:54:07","date_gmt":"2025-06-29T09:54:07","guid":{"rendered":"https:\/\/termalfurdo.ro\/tlsz\/?page_id=11"},"modified":"2025-07-10T21:44:33","modified_gmt":"2025-07-10T19:44:33","slug":"portofolio","status":"publish","type":"page","link":"https:\/\/termalfurdo.ro\/tlsz\/?page_id=11","title":{"rendered":"\u00c1rlista"},"content":{"rendered":"\n<div class=\"wp-block-cover alignfull\" style=\"min-height:158px;aspect-ratio:unset;\"><span aria-hidden=\"true\" class=\"wp-block-cover__background has-nv-site-bg-background-color has-background-dim-100 has-background-dim\"><\/span><div class=\"wp-block-cover__inner-container is-layout-flow wp-block-cover-is-layout-flow\">\n<div class=\"wp-block-group\" style=\"padding-right:var(--wp--preset--spacing--30);padding-left:var(--wp--preset--spacing--30)\"><div class=\"wp-block-group__inner-container is-layout-flow wp-block-group-is-layout-flow\">\n<h1 class=\"wp-block-heading has-text-align-left has-neve-text-color-color has-text-color\">\u00c1rlista<\/h1>\n<\/div><\/div>\n<\/div><\/div>\n\n\n\n<div class=\"wp-block-columns are-vertically-aligned-center is-layout-flex wp-container-core-columns-is-layout-9d6595d7 wp-block-columns-is-layout-flex\">\n<div class=\"wp-block-column is-vertically-aligned-center is-layout-flow wp-block-column-is-layout-flow\" style=\"padding-right:var(--wp--preset--spacing--30);padding-left:var(--wp--preset--spacing--30);flex-basis:50%\">\n<figure class=\"wp-block-image size-full has-custom-border is-style-default\"><img loading=\"lazy\" decoding=\"async\" width=\"2048\" height=\"1365\" src=\"https:\/\/termalfurdo.ro\/tlsz\/wp-content\/uploads\/2025\/07\/chill-1.jpg\" alt=\"\" class=\"wp-image-192\" style=\"border-radius:16px\" srcset=\"https:\/\/termalfurdo.ro\/tlsz\/wp-content\/uploads\/2025\/07\/chill-1.jpg 2048w, https:\/\/termalfurdo.ro\/tlsz\/wp-content\/uploads\/2025\/07\/chill-1-300x200.jpg 300w, https:\/\/termalfurdo.ro\/tlsz\/wp-content\/uploads\/2025\/07\/chill-1-1024x683.jpg 1024w, https:\/\/termalfurdo.ro\/tlsz\/wp-content\/uploads\/2025\/07\/chill-1-768x512.jpg 768w, https:\/\/termalfurdo.ro\/tlsz\/wp-content\/uploads\/2025\/07\/chill-1-1536x1024.jpg 1536w, https:\/\/termalfurdo.ro\/tlsz\/wp-content\/uploads\/2025\/07\/chill-1-930x620.jpg 930w\" sizes=\"auto, (max-width: 2048px) 100vw, 2048px\" \/><\/figure>\n<\/div>\n\n\n\n<div class=\"wp-block-column is-vertically-aligned-center is-layout-flow wp-block-column-is-layout-flow\" style=\"padding-right:var(--wp--preset--spacing--30);padding-left:var(--wp--preset--spacing--30);flex-basis:50%\">\n<h2 class=\"wp-block-heading has-text-align-center has-neve-text-color-color has-text-color\">Feln\u0151ttek<\/h2>\n\n\n\n<p class=\"has-text-align-center has-neve-text-color-color has-text-color\" style=\"font-size:17px\">Napi jegy <strong>40<\/strong> RON<br><br>Szentegyh\u00e1ziaknak <strong>30<\/strong> RON<br><br>Napi jegy 17 \u00f3ra ut\u00e1ni bel\u00e9p\u00e9skor <strong>30<\/strong> RON<br><br>Szentegyh\u00e1ziaknak 17 \u00f3ra ut\u00e1ni bel\u00e9p\u00e9skor <strong>20<\/strong> RON<\/p>\n<\/div>\n<\/div>\n\n\n\n<div class=\"wp-block-columns are-vertically-aligned-center is-layout-flex wp-container-core-columns-is-layout-9d6595d7 wp-block-columns-is-layout-flex\">\n<div class=\"wp-block-column is-vertically-aligned-center is-layout-flow wp-block-column-is-layout-flow\" style=\"padding-right:var(--wp--preset--spacing--30);padding-left:var(--wp--preset--spacing--30);flex-basis:50%\">\n<h2 class=\"wp-block-heading has-text-align-center has-neve-text-color-color has-text-color\">Gyerekek (6-16 \u00e9vesek)<\/h2>\n\n\n\n<p class=\"has-text-align-center\">Napi jegy 30 RON<\/p>\n\n\n\n<p class=\"has-text-align-center\">Szentegyh\u00e1ziaknak (6 \u00e9ven fel\u00fclieknek) 22 RON <\/p>\n\n\n\n<p class=\"has-text-align-center\">Napi jegy 17 \u00f3ra ut\u00e1ni bel\u00e9p\u00e9skor 20 RON<\/p>\n\n\n\n<p class=\"has-text-align-center\">Szentegyh\u00e1ziaknak 17 \u00f3ra ut\u00e1ni bel\u00e9p\u00e9skor 15 RON<\/p>\n\n\n\n<p class=\"has-text-align-center\"><strong>6 \u00e9ves korig a bel\u00e9p\u0151 ingyenes<\/strong><\/p>\n<\/div>\n\n\n\n<div class=\"wp-block-column is-vertically-aligned-center is-layout-flow wp-block-column-is-layout-flow\" style=\"padding-right:var(--wp--preset--spacing--30);padding-left:var(--wp--preset--spacing--30);flex-basis:50%\">\n<figure class=\"wp-block-image size-full has-custom-border is-style-default\"><img loading=\"lazy\" decoding=\"async\" width=\"2048\" height=\"1365\" src=\"https:\/\/termalfurdo.ro\/tlsz\/wp-content\/uploads\/2025\/07\/med-8.jpg\" alt=\"\" class=\"wp-image-195\" style=\"border-radius:16px\" srcset=\"https:\/\/termalfurdo.ro\/tlsz\/wp-content\/uploads\/2025\/07\/med-8.jpg 2048w, https:\/\/termalfurdo.ro\/tlsz\/wp-content\/uploads\/2025\/07\/med-8-300x200.jpg 300w, https:\/\/termalfurdo.ro\/tlsz\/wp-content\/uploads\/2025\/07\/med-8-1024x683.jpg 1024w, https:\/\/termalfurdo.ro\/tlsz\/wp-content\/uploads\/2025\/07\/med-8-768x512.jpg 768w, https:\/\/termalfurdo.ro\/tlsz\/wp-content\/uploads\/2025\/07\/med-8-1536x1024.jpg 1536w, https:\/\/termalfurdo.ro\/tlsz\/wp-content\/uploads\/2025\/07\/med-8-930x620.jpg 930w\" sizes=\"auto, (max-width: 2048px) 100vw, 2048px\" \/><\/figure>\n<\/div>\n<\/div>\n\n\n\n<div class=\"wp-block-columns are-vertically-aligned-center is-layout-flex wp-container-core-columns-is-layout-9d6595d7 wp-block-columns-is-layout-flex\">\n<div class=\"wp-block-column is-vertically-aligned-center is-layout-flow wp-block-column-is-layout-flow\" style=\"padding-right:var(--wp--preset--spacing--30);padding-left:var(--wp--preset--spacing--30);flex-basis:50%\">\n<figure class=\"wp-block-image size-full has-custom-border is-style-default\"><img loading=\"lazy\" decoding=\"async\" width=\"2048\" height=\"1365\" src=\"https:\/\/termalfurdo.ro\/tlsz\/wp-content\/uploads\/2025\/07\/chill-3.jpg\" alt=\"\" class=\"wp-image-194\" style=\"border-radius:16px\" srcset=\"https:\/\/termalfurdo.ro\/tlsz\/wp-content\/uploads\/2025\/07\/chill-3.jpg 2048w, https:\/\/termalfurdo.ro\/tlsz\/wp-content\/uploads\/2025\/07\/chill-3-300x200.jpg 300w, https:\/\/termalfurdo.ro\/tlsz\/wp-content\/uploads\/2025\/07\/chill-3-1024x683.jpg 1024w, https:\/\/termalfurdo.ro\/tlsz\/wp-content\/uploads\/2025\/07\/chill-3-768x512.jpg 768w, https:\/\/termalfurdo.ro\/tlsz\/wp-content\/uploads\/2025\/07\/chill-3-1536x1024.jpg 1536w, https:\/\/termalfurdo.ro\/tlsz\/wp-content\/uploads\/2025\/07\/chill-3-930x620.jpg 930w\" sizes=\"auto, (max-width: 2048px) 100vw, 2048px\" \/><\/figure>\n<\/div>\n\n\n\n<div class=\"wp-block-column is-vertically-aligned-center is-layout-flow wp-block-column-is-layout-flow\" style=\"padding-right:var(--wp--preset--spacing--30);padding-left:var(--wp--preset--spacing--30);flex-basis:50%\">\n<h2 class=\"wp-block-heading has-text-align-center has-neve-text-color-color has-text-color\">Csal\u00e1di bel\u00e9p\u0151 <br><strong>(2 feln\u0151tt + 2 gyerek &#8211; 6 \u00e9ven fel\u00fcli)<\/strong><\/h2>\n\n\n\n<p class=\"has-text-align-center has-neve-text-color-color has-text-color\" style=\"font-size:17px\">Napi jegy 120 RON<\/p>\n\n\n\n<p class=\"has-text-align-center has-neve-text-color-color has-text-color\" style=\"font-size:17px\">Szentegyh\u00e1ziaknak 100 RON<\/p>\n\n\n\n<p class=\"has-text-align-center has-neve-text-color-color has-text-color\" style=\"font-size:17px\">Napi jegy 17 \u00f3ra ut\u00e1ni bel\u00e9p\u00e9skor 75 RON<\/p>\n\n\n\n<p class=\"has-text-align-center has-nv-text-dark-bg-color has-text-color has-link-color wp-elements-382854eb5aba5150e048d01bb11cd1ad\">Amennyiben csoporttal \u00e9rkezne k\u00e9rjen egyedi \u00e1raj\u00e1nlatot a contact@termalfurdo.ro e-mail c\u00edmen vagy a +4 <strong>0741 043 795<\/strong> telefonsz\u00e1mon.<\/p>\n<\/div>\n<\/div>\n\n\n\n<div class=\"wp-block-columns are-vertically-aligned-center is-layout-flex wp-container-core-columns-is-layout-9d6595d7 wp-block-columns-is-layout-flex\">\n<div class=\"wp-block-column is-vertically-aligned-center is-layout-flow wp-block-column-is-layout-flow\" style=\"padding-right:var(--wp--preset--spacing--30);padding-left:var(--wp--preset--spacing--30);flex-basis:50%\">\n<h2 class=\"wp-block-heading has-text-align-center has-neve-text-color-color has-text-color\">Sz\u00e1ll\u00e1s<\/h2>\n\n\n\n<p class=\"has-text-align-center\">Kicsi h\u00e1zak:  160 RON\/\u00e9jszaka 2 szem\u00e9ly r\u00e9sz\u00e9re<br>210 RON\/\u00e9jszaka 2 szem\u00e9ly + 1 gyermek (14 \u00e9v alatti)<br>240 RON\/\u00e9jszaka 2 szem\u00e9ly + 1 gyermek (14 \u00e9v feletti)<br>(az \u00e1r tartalmazza a strandbel\u00e9p\u0151ket)<\/p>\n\n\n\n<p class=\"has-text-align-center\">Kemping lak\u00f3kocsival 70 RON \/ szem\u00e9ly \/ \u00e9jszaka<br>(az \u00e1r tartalmazza a strandbel\u00e9p\u0151t)<\/p>\n\n\n\n<p class=\"has-text-align-center\">Kemping s\u00e1torral 60 RON \/ szem\u00e9ly \/ \u00e9jszaka (az \u00e1r tartalmazza a strandbel\u00e9p\u0151t)<\/p>\n\n\n\n<p>Egy\u00e9b inform\u00e1ci\u00f3k \u00e9s sz\u00e1ll\u00e1sfoglal\u00e1s a contact@termalfurdo.ro e-mail c\u00edmen vagy a +4 <strong>0741 043 795<\/strong> telefonsz\u00e1mon lehets\u00e9ges.<\/p>\n<\/div>\n\n\n\n<div class=\"wp-block-column is-vertically-aligned-center is-layout-flow wp-block-column-is-layout-flow\" style=\"padding-right:var(--wp--preset--spacing--30);padding-left:var(--wp--preset--spacing--30);flex-basis:50%\">\n<figure class=\"wp-block-image size-full has-custom-border is-style-default\"><img loading=\"lazy\" decoding=\"async\" width=\"2000\" height=\"1500\" src=\"https:\/\/termalfurdo.ro\/tlsz\/wp-content\/uploads\/2025\/07\/dron-4.jpg\" alt=\"\" class=\"wp-image-196\" style=\"border-radius:16px\" srcset=\"https:\/\/termalfurdo.ro\/tlsz\/wp-content\/uploads\/2025\/07\/dron-4.jpg 2000w, https:\/\/termalfurdo.ro\/tlsz\/wp-content\/uploads\/2025\/07\/dron-4-300x225.jpg 300w, https:\/\/termalfurdo.ro\/tlsz\/wp-content\/uploads\/2025\/07\/dron-4-1024x768.jpg 1024w, https:\/\/termalfurdo.ro\/tlsz\/wp-content\/uploads\/2025\/07\/dron-4-768x576.jpg 768w, https:\/\/termalfurdo.ro\/tlsz\/wp-content\/uploads\/2025\/07\/dron-4-1536x1152.jpg 1536w\" sizes=\"auto, (max-width: 2000px) 100vw, 2000px\" \/><\/figure>\n<\/div>\n<\/div>\n\n\n\n<div class=\"wp-block-columns are-vertically-aligned-center is-layout-flex wp-container-core-columns-is-layout-9d6595d7 wp-block-columns-is-layout-flex\">\n<div class=\"wp-block-column is-vertically-aligned-center is-layout-flow wp-block-column-is-layout-flow\" style=\"padding-right:var(--wp--preset--spacing--30);padding-left:var(--wp--preset--spacing--30);flex-basis:50%\">\n<h2 class=\"wp-block-heading has-text-align-center has-neve-text-color-color has-text-color\">Szentegyh\u00e1zi vagyok!<\/h2>\n\n\n\n<p class=\"has-text-align-center\">\u00c9ljen a lehet\u0151s\u00e9ggel \u00e9s ig\u00e9nyelje a &#8222;Szentegyh\u00e1zi vagyok!&#8221; kedvezm\u00e9nyre feljogos\u00edt\u00f3 k\u00e1rty\u00e1t az \u00d6nkorm\u00e1nyzatn\u00e1l, szem\u00e9lyi igazolv\u00e1nya felmutat\u00e1s\u00e1val.<\/p>\n\n\n\n<p class=\"has-text-align-center\"><\/p>\n\n\n\n<p><\/p>\n<\/div>\n\n\n\n<div class=\"wp-block-column is-vertically-aligned-center is-layout-flow wp-block-column-is-layout-flow\" style=\"padding-right:var(--wp--preset--spacing--30);padding-left:var(--wp--preset--spacing--30);flex-basis:50%\">\n<figure class=\"wp-block-image size-full has-custom-border is-style-default\"><img loading=\"lazy\" decoding=\"async\" width=\"1335\" height=\"922\" src=\"https:\/\/termalfurdo.ro\/tlsz\/wp-content\/uploads\/2025\/07\/kartya.jpg\" alt=\"\" class=\"wp-image-198\" style=\"border-radius:16px\" srcset=\"https:\/\/termalfurdo.ro\/tlsz\/wp-content\/uploads\/2025\/07\/kartya.jpg 1335w, https:\/\/termalfurdo.ro\/tlsz\/wp-content\/uploads\/2025\/07\/kartya-300x207.jpg 300w, https:\/\/termalfurdo.ro\/tlsz\/wp-content\/uploads\/2025\/07\/kartya-1024x707.jpg 1024w, https:\/\/termalfurdo.ro\/tlsz\/wp-content\/uploads\/2025\/07\/kartya-768x530.jpg 768w\" sizes=\"auto, (max-width: 1335px) 100vw, 1335px\" \/><\/figure>\n<\/div>\n<\/div>\n","protected":false},"excerpt":{"rendered":"<p>Feln\u0151ttek Napi jegy 40 RON Szentegyh\u00e1ziaknak 30 RON Napi jegy 17 \u00f3ra ut\u00e1ni bel\u00e9p\u00e9skor 30 RON Szentegyh\u00e1ziaknak 17 \u00f3ra ut\u00e1ni bel\u00e9p\u00e9skor 20 RON Gyerekek (6-16 \u00e9vesek) Napi jegy 30 RON Szentegyh\u00e1ziaknak (6 \u00e9ven fel\u00fclieknek) 22 RON Napi jegy 17 \u00f3ra ut\u00e1ni bel\u00e9p\u00e9skor 20 RON Szentegyh\u00e1ziaknak 17 \u00f3ra ut\u00e1ni bel\u00e9p\u00e9skor 15 RON 6 \u00e9ves korig a&hellip;&nbsp;<a href=\"https:\/\/termalfurdo.ro\/tlsz\/?page_id=11\" rel=\"bookmark\"><span class=\"screen-reader-text\">\u00c1rlista<\/span><\/a><\/p>\n","protected":false},"author":1,"featured_media":0,"parent":0,"menu_order":0,"comment_status":"closed","ping_status":"closed","template":"","meta":{"neve_meta_sidebar":"","neve_meta_container":"","neve_meta_enable_content_width":"on","neve_meta_content_width":100,"neve_meta_title_alignment":"","neve_meta_author_avatar":"","neve_post_elements_order":"","neve_meta_disable_header":"","neve_meta_disable_footer":"","neve_meta_disable_title":"on","_themeisle_gutenberg_block_has_review":false,"footnotes":""},"class_list":["post-11","page","type-page","status-publish","hentry"],"_links":{"self":[{"href":"https:\/\/termalfurdo.ro\/tlsz\/index.php?rest_route=\/wp\/v2\/pages\/11","targetHints":{"allow":["GET"]}}],"collection":[{"href":"https:\/\/termalfurdo.ro\/tlsz\/index.php?rest_route=\/wp\/v2\/pages"}],"about":[{"href":"https:\/\/termalfurdo.ro\/tlsz\/index.php?rest_route=\/wp\/v2\/types\/page"}],"author":[{"embeddable":true,"href":"https:\/\/termalfurdo.ro\/tlsz\/index.php?rest_route=\/wp\/v2\/users\/1"}],"replies":[{"embeddable":true,"href":"https:\/\/termalfurdo.ro\/tlsz\/index.php?rest_route=%2Fwp%2Fv2%2Fcomments&post=11"}],"version-history":[{"count":24,"href":"https:\/\/termalfurdo.ro\/tlsz\/index.php?rest_route=\/wp\/v2\/pages\/11\/revisions"}],"predecessor-version":[{"id":215,"href":"https:\/\/termalfurdo.ro\/tlsz\/index.php?rest_route=\/wp\/v2\/pages\/11\/revisions\/215"}],"wp:attachment":[{"href":"https:\/\/termalfurdo.ro\/tlsz\/index.php?rest_route=%2Fwp%2Fv2%2Fmedia&parent=11"}],"curies":[{"name":"wp","href":"https:\/\/api.w.org\/{rel}","templated":true}]}}